n 473 is divided by f.
11
Let t be 4*(-3)/(-9)*9. Let b(q) = -q**3 + 7*q**2 - 3*q - 1. What is the remainder when b(4) is divided by (-28)/2*t/(-14)?
11
Let z = -160 + 173. What is the remainder when 60 is divided by z?
8
Let x = -142 - -965. What is the remainder when x is divided by 55?
53
Let k(h) be the first derivative of -2*h**2 + 27*h - 6. What is the remainder when k(-26) is divided by 11?
10
Suppose -2*y + 16 = -2*m - 3*y, 0 = -m - 5*y + 10. Let w = m + 14. Suppose w*x = 19 + 9. What is the remainder when 25 is divided by x?
4
Let p(f) be the second derivative of 13*f**5/20 + f**3/6 - 2*f. What is the remainder when p(1) is divided by 0 - -1 - 4/(5/(-5))?
4
Let b = 1141 - 756. Calculate the remainder when b is divided by 33.
22
What is the remainder when 763 is divided by (-1235)/(-15) - 120/(-45)?
83
What is the remainder when 63 is divided by (-166)/(-5) + 16/(-560)*7?
30
Calculate the remainder when (-14)/(-49) - 309/(-21) is divided by (-2)/2 - (6 - 11).
3
Let u(c) be the third derivative of -c**4/4 - 3*c**2. Let k = -228 + 247. Calculate the remainder when u(-9) is divided by k.
16
Suppose 82 + 2 = 4*a. Let g(u) = 48*u**2 - u - 1. Let l be g(-2). Suppose l = 5*o - 217. Calculate the remainder when o is divided by a.
19
Suppose -5*t + 0*t = -545. Suppose 2*p = -5*m + 41, -125 = -14*p + 9*p - 5*m. What is the remainder when t is divided by p?
25
What is the remainder when 42 is divided by 8/((-1)/(1 - 5/2))?
6
Let n = -296 + 478. Calculate the remainder when n is divided by 38.
30
Suppose 296*h = 292*h + 84. What is the remainder when 229 is divided by h?
19
Let v(a) = -11*a**3 + a**2 - 3. Let o be 0 + 0 + 4*4/(-8). Calculate the remainder when v(o) is divided by 30.
29
Let o(i) = -i**2 + 16*i - 10. What is the remainder when 190 is divided by o(13)?
16
Let x(k) be the third derivative of k**5/60 + k**4/8 + k**3/3 + 15*k**2. What is the remainder when 58 is divided by x(-5)?
10
Let h = -19 - -21. Suppose -65 = h*w - 7*w. Let p = 0 + w. What is the remainder when 49 is divided by p?
10
Let s(j) = -j + 16. Suppose -u - 20 = 3*g + 2*g, -3*u = 4*g + 5. What is the remainder when 43 is divided by s(u)?
10
Suppose 0*t - t - m + 6 = 0, 4*t - 4*m - 8 = 0. Let r(d) = -d**2 - 7*d + 3. Let z be r(7). Calculate the remainder when (-5)/(25/z) - 4 is divided by t.
3
Let h(m) = 19*m + 124. What is the remainder when 208 is divided by h(-3)?
7
Let j = 15 + 8. What is the remainder when 54 is divided by j?
8
Suppose -3*m + 13*m - 20 = 0. Calculate the remainder when m/6 + 58/6 is divided by 4.
2
Let r be (-202)/10 - 3/(-15). Suppose 4 = n + n. Calculate the remainder when (r/6)/((-10)/15) is divided by n.
1
Let j = 621 - 230. Calculate the remainder when 794 is divided by j.
12
Let x be 55 - (-3)/(-1 - 2). Let i = 112 - x. Suppose -d - 10 + i = 0. Calculate the remainder when d is divided by 17.
14
Let z(h) = -h**3 + 4*h**2 - 13*h + 57. Calculate the remainder when 38 is divided by z(4).
3
Let y be (-25)/35 + (-4)/14. Suppose 0*j = -j + 11. What is the remainder when y*((-3 - -6) + -44) is divided by j?
8
Suppose -2*l + 33 + 11 = 0. Suppose -7*a = -2*a - j - l, 2*a + j - 6 = 0. Suppose 0 = y + 3*y - 24. Calculate the remainder when y is divided by a.
2
Let x(t) = t**2 - 15*t + 30. Let u be x(13). Let a(b) = b**2 + 2*b - 6. What is the remainder when a(u) is divided by 10/(1 + 1 + 0)?
3
Let j be (-399)/27 - (-2)/(-9). Let s(x) = 14*x - 37. Let l(y) = -21*y + 56. Let w(p) = -5*l(p) - 8*s(p). Calculate the remainder when w(j) is divided by 31.
28
Let f(w) = w**3 + 10*w**2 - 11*w + 20. What is the remainder when f(-10) is divided by 17?
11
What is the remainder when -7 + (-42 + 6)/((-21)/70) is divided by 50?
13
Let s be (-4)/(-24)*-83 + 3/(-18). Let y(n) = n**2 + 5*n - 64. Calculate the remainder when y(s) is divided by 33.
29
Let i(w) = -5*w - 3. Let a be i(-13). Suppose 0 = -13*q - 10 + a. What is the remainder when 10 is divided by q?
2
What is the remainder when 234 is divided by (364/(-21) - 15/(-9))*-3?
46
Let r be (-1)/5 - (-11)/55. Suppose -8*a + 3*a + 10 = r. Suppose -n = z - 6, 2*z + 16 = 7*z - a*n. What is the remainder when 14 is divided by z?
2
Let d = -33 - -37. Calculate the remainder when 34 is divided by 26/(8/d + 0).
8
Suppose 4*f = -3*g + 179, -238 = -5*f + g - 0. What is the remainder when 165 is divided by f?
24
Let v be (4/(-6))/(8/(-60)). Suppose v*z - 62 - 8 = 0. Let y = -20 - -58. What is the remainder when y is divided by z?
10
Let v = -201 + 382. Calculate the remainder when v is divided by 26.
25
Suppose 91 = 5*k - 24. Let a = -15 + k. Calculate the remainder when 27 is divided by a.
3
Let w(f) = -f**3 - 3*f**2 + 4. Let n be w(-3). Suppose 0 = -n*j + 6*j - 174. Suppose 6*o - 75 = j. What is the remainder when 80 is divided by o?
26
Suppose 5*l + 4*w + 687 = 157, 3*w + 525 = -5*l. Calculate the remainder when (6 - 5)/((-3)/l) is divided by 10.
4
Let n(p) = 12*p**2 + 21*p - 3. Let u be n(-4). Let l = u + -89. What is the remainder when 125 is divided by l?
13
Let z(f) = -3*f**3 + 8*f**2 - 9*f - 3. Let h(c) = -c**3 + 4*c**2 - 5*c - 1. Let d(w) = 5*h(w) - 2*z(w). What is the remainder when 98 is divided by d(-5)?
10
Let d(p) = 8*p**2 + 3. Let h be (-3)/9 - (5/(-3))/(-1). Calculate the remainder when d(h) is divided by 12.
11
Let i(z) = -2*z + z + 3*z - 6 + 3*z**2 - 3. What is the remainder when i(4) is divided by 24?
23
Suppose 14 = 6*d - 64. What is the remainder when 268 is divided by d?
8
Let i be 3/6 - (-4)/8. Let m be -1 + i + (-3)/(-1). Suppose -6*n + 57 + m = 0. Calculate the remainder when 27 is divided by n.
7
Let q = -39 - -32. Let l(v) = -v**2 - 16*v - 7. Calculate the remainder when l(q) is divided by 29.
27
Suppose -g + 4 = 0, 5*g + 180 = 4*q + 7*g. Let t(x) = -x + 6. What is the remainder when q is divided by t(-6)?
7
Let b(c) = c**3 + 7*c**2 + 7*c - 1. Let i = -75 - -80. Suppose 0 = i*m - 215 - 50. What is the remainder when m is divided by b(-5)?
11
Suppose 25 = 3*j + 4. Let z be j - (-1 + 3 + -2). Suppose -18 - z = -s. What is the remainder when 97 is divided by s?
22
Let h = -103 - -817. What is the remainder when h is divided by 65?
64
Let f(z) = -19*z + 58. What is the remainder when f(1) is divided by 7?
4
Suppose 0*v - 3*v = -2*w - 116, -2*w = -4. Suppose 3*y - 3*r - 21 = 0, 5*y + 4*r + r - 35 = 0. What is the remainder when v is divided by y?
5
Let w(i) = i**2 + 3. Let c = -20 + 66. Calculate the remainder when c is divided by w(-3).
10
Let n(w) = 7*w**3 - 4*w**2 - 10*w. Suppose -71 = -3*g - 2*g - u, -4*u = -g + 10. What is the remainder when n(3) is divided by g?
11
Suppose b + 7 - 67 = -3*q, -3*b + 54 = 3*q. Calculate the remainder when 384 is divided by q.
6
Suppose 5*p - g + 475 = 9*p, -2*p + g = -245. What is the remainder when p is divided by 49?
22
Let v(f) = f**2 - 5*f + 2. Let d(u) = u**3 - 3*u**2 + 3*u - 2. Let o be d(3). What is the remainder when v(o) is divided by 3?
1
Suppose -q = 2*z - 6*z - 40, -3*q - 4*z = -152. Suppose -11*b + q = -3*b. What is the remainder when 11 is divided by b?
5
Let d = -9 + 13. Let r be 27 + 1/(2 + -3). Suppose d*w - r = -4*m - 6, 0 = 4*w + m - 29. What is the remainder when 31 is divided by w?
7
Suppose 0 = -5*c + 5, 3*x + 66 + 23 = -c. What is the remainder when x/(-25)*(-120)/(-9) is divided by 1/(-2) + 42/4?
6
Suppose -h + 237 = 5*y, -4*y + 21*h + 186 = 23*h. What is the remainder when y is divided by 18?
12
Suppose v - 4 + 1 = 0. Let o(s) = -3*s - 1. Let p be o(-2). Suppose -p*y + v + 22 = 0. Calculate the remainder when 13 is divided by y.
3
Suppose -24 = 8*d - 112. Let q(z) = z**2 - 8*z - 14. Calculate the remainder when 75 is divided by q(d).
18
Let h be (0/2)/(-10 - -7). Suppose h = -5*y - 920 + 120. What is the remainder when 58 is divided by (-6)/(-16) + (-2340)/y?
13
Let d = 12 - -12. Calculate the remainder when (56/12)/((-2)/(-30)) is divided by d.
22
Suppose 0 = 2*l - 4*u - 42, 0 = 4*l - 36*u + 39*u - 73. What is the remainder when 776 is divided by l?
16
Let f(v) = -v**3 - 11*v**2 + 10*v - 11. Calculate the remainder when 77 is divided by f(-12).
12
Let d be (-6 + 4 + 0)*3. What is the remainder when 17 is divided by (-4)/(8/d) - -2?
2
Suppose 865 = 6*h + 655. What is the remainder when 279 is divided by h?
34
Let v = -211 + 218. Calculate the